) = -g**3 - 37*g**2 - 38*g - 77. What is v(-36)?
-5
Let y(u) = u**2 + 12*u - 3. What is y(-12)?
-3
Let r(t) = 6*t + 4. Give r(3).
22
Let a(h) = h**3 - 12*h**2 + 11*h - 7. What is a(11)?
-7
Let g(m) = -4*m**2 - 2*m + 9. Calculate g(2).
-11
Let w(z) = -z**3 - z**2 + 2*z. Determine w(1).
0
Let x(w) = w**3 + 6*w**2 + 2*w + 8. Determine x(-6).
-4
Let o(c) = c**2 + 13*c + 54. Calculate o(-6).
12
Let p(b) = b**3 + 10*b**2 + 2*b + 13. Calculate p(-10).
-7
Let s(z) = z - 25. Determine s(5).
-20
Let k(n) = n**3 + 6*n**2 + n + 12. Calculate k(-7).
-44
Let v(d) = d + 4. Give v(-11).
-7
Let s(c) = c**3 + 10*c**2 + 3. Give s(-10).
3
Let x(l) = 2*l**2 + l + 106. Give x(0).
106
Let d(w) = -w**3 - 11*w**2 - 15*w + 7. Give d(-9).
-20
Let c(g) = g**3 - 23*g**2 - g + 17. Determine c(23).
-6
Let g(k) = k**3 - 13*k**2 + 17*k - 12. What is g(12)?
48
Let m(r) = -r**3 - 8*r**2 + 14*r - 13. Determine m(-8).
-125
Let b(l) = l**3 + 5*l**2 - 15*l - 13. What is b(-7)?
-6
Let y(s) = 23*s + 4. What is y(2)?
50
Let t(q) = 2*q**2 + 5*q + 2. What is t(-2)?
0
Let x(w) = -71*w - 211. Calculate x(-3).
2
Let x(t) = -t**3 - 11*t**2 + 26*t - 17. What is x(-13)?
-17
Let t(v) = -2*v + 16. Determine t(5).
6
Let y(h) = h**3 - 8*h**2 - 3*h - 33. Give y(10).
137
Let l(o) = 5*o. What is l(-1)?
-5
Let h(a) = -a**2 - 6*a + 9. Calculate h(-8).
-7
Let n(x) = -4*x + 20. What is n(6)?
-4
Let s(w) = -11*w - 257. Give s(-24).
7
Let z(s) = -s + 25. What is z(17)?
8
Let c(p) = -p**3 + 6*p**2 - 3*p - 4. Calculate c(5).
6
Let d(x) = -5*x + 47. What is d(9)?
2
Let g(l) = -l**3 - 10*l**2 + 25*l + 5. Give g(-12).
-7
Let g(p) = p**3 + 14*p**2 + 46*p + 2. Calculate g(-9).
-7
Let l(v) = v**3 + 12*v**2 - 8*v + 41. Calculate l(-13).
-24
Let h(r) = 13*r - 413. Determine h(32).
3
Let w(v) = -v**2 - 13*v - 15. Give w(-12).
-3
Let o(d) = -32*d + 147. Calculate o(4).
19
Let l(n) = 2*n**3 - 18*n**2 + 17*n - 11. Give l(8).
-3
Let q(c) = c**3 + 4*c**2 - 7*c - 6. What is q(-5)?
4
Let f(t) = -8*t**2 - 2*t - 7. Determine f(-2).
-35
Let m(d) = 2*d**3 + 3*d**2 + 4*d + 2. Give m(-2).
-10
Let m(u) = u - 12. Give m(6).
-6
Let b(c) = -c**3 + 31*c**2 + 32*c + 25. What is b(32)?
25
Let k(z) = -12*z + 394. Determine k(33).
-2
Let n(p) = -p**2 - 43*p - 408. Give n(-29).
-2
Let i(q) = -q**3 + 9*q**2 - 8. Give i(6).
100
Let w(n) = 3*n - 30. Give w(8).
-6
Let o(x) = -24*x**3 - 2*x - 1. Determine o(-1).
25
Let w(d) = 123*d - 6. Calculate w(1).
117
Let g(h) = h**3 + 4*h**2 - h - 5. Calculate g(-4).
-1
Let o(t) = -t**2 + 8*t - 17. What is o(6)?
-5
Let h(u) = -u**3 - 6*u**2 + 8*u + 7. What is h(-7)?
0
Let z(f) = -f**2 - 15*f + 7. Calculate z(-15).
7
Let n(k) = -k - 28. Give n(-20).
-8
Let s(h) = -37*h - 1. Determine s(1).
-38
Let h(x) = 8*x - 3. Give h(1).
5
Let c(n) = n**3 + 10*n**2 - 5*n - 10. What is c(-10)?
40
Let s(d) = 3*d**2 + 8*d - 6. Give s(-6).
54
Let a(q) = -9*q + 35. Determine a(5).
-10
Let h(y) = -8*y + 1. What is h(-3)?
25
Let q(m) = -m**2 + 14*m + 22. Give q(11).
55
Let g(x) = x**3 - x**2 - 8*x + 6. Determine g(5).
66
Let d(u) = -4*u**2 - 3*u + 5. Calculate d(-3).
-22
Let m(l) = -2*l**2 - 30*l - 25. Calculate m(-14).
3
Let i(t) = -t**2 - 11*t + 67. Calculate i(-15).
7
Let h(b) = -b**2 + 7*b - 10. Calculate h(7).
-10
Let f(l) = -l**3 - 5*l**2 - 2*l - 15. Calculate f(0).
-15
Let g(o) = -o**2 + 8*o + 28. Give g(10).
8
Let g(l) = 6*l - 2. Calculate g(2).
10
Let r(o) = 2*o**3 - 2*o**2 + o + 6. Calculate r(-2).
-20
Let g(a) = 4*a - 40. Calculate g(8).
-8
Let o(h) = h**3 - 2*h**2 - 2*h + 1. What is o(-3)?
-38
Let i(b) = -b**3 + 23*b**2 + 54*b - 108. Calculate i(25).
-8
Let b(o) = -o**2 + 22*o - 71. What is b(17)?
14
Let l(m) = m - 19. Determine l(10).
-9
Let u(w) = -w**2 + 17*w - 33. Determine u(18).
-51
Let v(t) = -t**2 - 4*t - 3. Calculate v(-7).
-24
Let g(n) = -3*n**2 + 3*n + 12. Determine g(-2).
-6
Let a(z) = -13*z + 57. Calculate a(9).
-60
Let f(l) = -86*l - 514. Determine f(-6).
2
Let i(q) = q**2 + 5*q - 25. What is i(11)?
151
Let z(o) = 6*o**2 - 148*o - 46. What is z(25)?
4
Let l(a) = -18*a**2 + 3*a. What is l(-2)?
-78
Let k(v) = -14*v + 388. Give k(27).
10
Let o(k) = k**3 - 5*k**2 - 8*k + 7. What is o(6)?
-5
Let o(w) = w**3 - 2*w**2 + 3*w. Determine o(4).
44
Let w(m) = 4*m - 51. Determine w(27).
57
Let k(l) = l**2 + 3*l - 8. Determine k(-6).
10
Let c(v) = -v + 1. Give c(8).
-7
Let f(z) = 2*z**3 + 16*z**2 + 15*z + 8. What is f(-7)?
1
Let j(n) = 4*n - 1. Give j(-1).
-5
Let y(o) = o**3 + 31*o**2 + 35*o + 147. Calculate y(-30).
-3
Let o(m) = m**2 - 15*m + 43. Determine o(5).
-7
Let t(g) = -g**2 + 2*g + 7. What is t(0)?
7
Let h(f) = 12*f - 49. Give h(-6).
-121
Let r(w) = w**2 - 13*w + 35. Give r(8).
-5
Let m(h) = 9*h - 17. Determine m(3).
10
Let d(w) = w**2 + 53*w + 240. What is d(-5)?
0
Let a(v) = 4*v**2 - 24*v - 35. Calculate a(9).
73
Let l(y) = -6*y - 2. Calculate l(-4).
22
Let m(g) = g**3 + 8*g**2 + g + 22. Give m(-8).
14
Let y(z) = 6*z + 2. Give y(-7).
-40
Let s(f) = 4*f. Determine s(2).
8
Let n(o) = o**2 + 5*o - 57. Calculate n(5).
-7
Let b(u) = -u**3 - 8*u**2 + 4*u - 11. What is b(-8)?
-43
Let i(n) = -n**2 - 11*n - 12. What is i(-7)?
16
Let m(s) = -s**3 + 4*s**2 + 11*s - 12. What is m(6)?
-18
Let g(p) = p**3 - 7*p**2 - 2*p + 43. Determine g(6).
-5
Let c(w) = w**3 + 18*w**2 + 5*w + 85. Determine c(-18).
-5
Let s(a) = 20*a. Give s(-2).
-40
Let g(r) = -r**2 - 21*r - 18. Determine g(-20).
2
Let i(r) = r**2 - 13*r + 37. Calculate i(10).
7
Let y(a) = -3*a - 7. Determine y(-1).
-4
Let d(k) = -k**3 - 12*k**2 - 6*k + 4. Give d(-11).
-51
Let w(y) = -3*y**2 - 69*y + 52. What is w(-24)?
-20
Let y(b) = -b**3 + 8*b**2 + b - 1. What is y(8)?
7
Let g(s) = s**3 + 4*s**2 - 4*s - 1. Calculate g(-3).
20
Let i(a) = a**2 + 2*a - 3. What is i(1)?
0
Let d(a) = 73*a + 882. Determine d(-12).
6
Let o(g) = -g**2 + 3*g + 4. Give o(5).
-6
Let a(i) = 16*i + 8. Determine a(0).
8
Let f(a) = -a**3 + 5*a**2 - a + 3. Determine f(5).
-2
Let h(j) = j**2 + 20*j + 6. Determine h(-20).
6
Let s(q) = -q**2 + q + 19. What is s(0)?
19
Let t(j) = 20*j - 71. What is t(4)?
9
Let f(p) = -p**2 + 3*p - 3. Give f(4).
-7
Let a(l) = 3*l + 6. Give a(-3).
-3
Let j(c) = 8*c + 25. Determine j(6).
73
Let q(c) = -9*c - 257. Calculate q(-28).
-5
Let f(x) = -16*x - 142. Give f(-10).
18
Let p(i) = 16*i**2 - 5*i + 4. What is p(2)?
58
Let t(b) = -b. Calculate t(0).
0
Let p(g) = -2*g**2 - 78*g - 20. Give p(-39).
-20
Let q(j) = -j**3 + 3*j**2 - 3*j + 8. Calculate q(3).
-1
Let u(f) = -f**2 + 16. Determine u(0).
16
Let d(y) = -y**3 + y**2 + 47. Calculate d(0).
47
Let p(n) = -14*n**3 - n**2 + n. Calculate p(1).
-14
Let l(z) = 30*z + 3. Determine l(2).
63
Let u(k) = k**3 - 5*k - 1. Give u(-2).
1
Let j(o) = -o**3 + 4*o**2 + 14*o - 19. Calculate j(6).
-7
Let m(o) = o**3 + 2*o**2 - 3*o - 2. Give m(-4).
-22
Let b(j) = j**3 + 7*j**2 + 9*j - 7. Determine b(-5).
-2
Let s(m) = -25*m**3 - 15*m - 14. Calculate s(-1).
26
Let q(w) = 14*w + 108. What is q(-8)?
-4
Let o(f) = -3*f**2 - 10*f + 3. What is o(-4)?
-5
Let o(m) = -3*m**2 - 25*m + 14. Determine o(-11).
-74
Let v(y) = y**3 - 3*y**2 - 4*y + 2. What is v(3)?
-10
Let f(q) = q**3 - 3*q**2 - q + 6. Calculate f(3).
3
Let u(j) = 24*j + 1. Give u(1).
25
Let l(q) = 5*q**2 - 107*q + 45. What is l(21)?
3
Let h(r) = -r**2 + 6*r + 14. Give h(8).
-2
Let w(x) = -x**3 - 15*x**2 + 37*x + 35. Determine w(-17).
-16
Let x(j) = j - 12. Give x(-15).
-27
Let h(l) = 2*l**2 + 13*l + 6. What is h(-6)?
0
Let r(t) = t**2 + 23*t - 24. Determine r(-24).
0
Let m(p) = -p**3 + 9*p**2 + 20*p + 18. What is m(11)?
-4
Let i(v) = -v**3 + 9*v**2 - 12*v + 3. Calculate i(8).
-29
Let p(a) = 5*a - 35. What is p(-7)?
-70
Let n(v) = v**3 + v**2 - 20*v - 5. What is n(4)?
-5
Let j(b) = 12*b + 7. Determine j(5).
67
Let m(j) = 2*j**2 - 48*j + 15. What is m(24)?
15
Let k(j) = j - 11. What is k(-6)?
-17
Let d(w) = 7*w + 7. What is d(-5)?
-28
Let u(k) = k**3 + 14*k**2 + k + 17. Calculate u(-14).
3
Let v(y) = -y**2 - 5*y + 56. Give v(-10).
6
Let l(z) = -3*z**2 - 16*z - 6. What is l(-5)?
-1
Let u(i) = -i**3 - 4*i**2 - 3*i - 6. Give u(-4).
6
Let d(x) = -x**3 - 12*x**2 + 28*x - 4. Calculate d(-14).
-4
Let x(y) = -3*y**2 - 3*y + 1. Give x(-3).
-17
Let w(y) = y + 13. Determine w(-22).
-9
Let x(t) = -t**3 - 5*t**2 + 10*t - 1. Give x(-7).
27
Let a(r) = -2*r**2 + 13*r - 6. Give a(5).
9
Let a(n) = -6*